 361*x**3 - 5 - 4*x**p + 180*x**3. Give m(4).
-5
Let o(s) be the third derivative of -s**6/120 + s**5/30 + s**3/3 - 748*s**2 + s. Let q be ((-4)/1)/4*-2. Give o(q).
2
Suppose -c + 17 = 9*j - 39, -14 = -2*j. Let b(k) = -14*k + 20. What is b(c)?
118
Suppose -2*f - 17 = -6*f - g, -3*f + 3*g + 9 = 0. Let y be ((-116)/1044)/((-2)/18). Let u(r) = -5*r - y - 7 + 1 - 11 + 23. Determine u(f).
-15
Let c(d) = -75 + 155 - d**3 + d - 56 + 9*d - 7*d**2. Determine c(-8).
8
Let a(b) = -4 + 2*b - 2 + 2 + 2. Suppose y - 4*v = 113 - 105, y - 8 = -2*v. What is a(y)?
14
Let k(r) = -2 + 8*r**3 - 51 - 7*r**3 + 6 + 19*r**2 + 17*r. What is k(-18)?
-29
Let h(k) be the first derivative of -k**3/3 + 15*k**2/2 + 25*k - 5742. Determine h(16).
9
Suppose -172*z = -4*z. Let s(c) = c**2 - c + 14. Determine s(z).
14
Let u = -23195 + 23192. Let x(c) = -3*c**2 + 3*c + 15. Determine x(u).
-21
Suppose 247 = -19*m + 1330. Suppose -14*l = 5*l + m. Let v(t) = -2*t**2 - 2*t + 4. Give v(l).
-8
Let w = -31720 + 31726. Let q(z) = -2*z**3 + 20*z**2 - 46*z - 6. Determine q(w).
6
Let y(m) be the first derivative of -m**4/4 + m**3 + m**2/2 + m - 34. Let p(i) = 3*i**3 - 14*i**2 - 8*i - 2. Let v(f) = p(f) + 5*y(f). Calculate v(2).
-15
Let g(p) = p**2 + 5. Let a(t) = 5*t**2 + t + 21. Let q(f) = 2*a(f) - 9*g(f). Let z(r) = -r**2 + 40*r + 1537. Let w be z(64). Determine q(w).
0
Let y(l) = 190054 + 190066 - 380103 - 7*l. Calculate y(-5).
52
Let h(v) be the first derivative of 3*v**2/2 + 119*v + 1512. Calculate h(-41).
-4
Let d(s) = -s - 7. Suppose t + 67 = -m, 3*t + 66 = -m + 3. Let c be 830/(-14) - (3 + m/21). Let x = -65 - c. Calculate d(x).
-1
Let v(h) = 10*h - 3. Suppose -4*i - 3006 + 10118 = 0. Let t be i/(-22) - ((-48)/44)/(-6). Let x = -79 - t. Calculate v(x).
17
Let q(p) = -p**2 - 39*p + 85. Let f be q(-41). Let o(w) = -4*w**2 - w - 5. Let b(g) = 3*g**2 + 4. Let v(r) = f*b(r) + 2*o(r). Give v(3).
5
Let l(i) = i**2 - 359*i - 4066. Let j be l(-11). Let w(n) = -4*n + n**2 + 4*n - 3 - 3*n. Calculate w(j).
1
Suppose -93 = -105*a + 40 + 182. Let o(i) = i**3 - 5*i**2 + 4*i - 6. Calculate o(a).
-12
Let s(d) be the second derivative of 3*d**3 + 1/20*d**5 - 3/4*d**4 + d**2 - 135*d + 0. Calculate s(6).
2
Let u(o) = o - 41. Suppose 1189*k - 3604 = 1083*k. Calculate u(k).
-7
Suppose 26*u + 155 = -1. Let c(l) = -l**2 - 5*l + 5. Give c(u).
-1
Let p(u) = u**3 + 18*u**2 - 18*u + 47. Let b be (-3)/(((-12)/(-228))/((-1)/(-3))). Calculate p(b).
28
Let a be ((-2)/(-3))/((-2)/(-3)). Let d(v) = 457*v - 1 - 5*v**2 - 922*v + 6*v**3 + 466*v + 5*v**2. Give d(a).
6
Suppose 0 = -r - 0*r - 1. Let i(h) = 54*h - 84. Let t(q) = -11*q + 18. Let b(d) = -3*i(d) - 14*t(d). What is b(r)?
8
Let q = 1 - -3. Let c(u) = -7*u**2 + 4*u + 44*u**3 + 40*u**3 + 38*u**3 - 121*u**3. What is c(q)?
-32
Let j(k) = -k**2 + 10*k + 619. Let z be j(-20). Let m(c) = -c**2 + 20*c - 14. Calculate m(z).
5
Suppose -2*y = d - 14, 0 = -d + 2*y - 3 - 3. Suppose 0 = -8*z - d*z + 12. Let j(k) = 8*k + 1. Give j(z).
9
Let a(v) = 15*v + 1. Suppose -15*c + 30 = -17*c. Let x be -4*5/c + (-2)/(-3). Suppose t + t = -x. Determine a(t).
-14
Let c(p) = 7*p - 3*p - p**3 + 8*p - 8*p. Let x be (4/3)/(16/(-24)). Calculate c(x).
0
Let m(p) = -3*p - 6. Let c = -4 - -28. Suppose 5*r + 0*r = -3*d - c, 3*d = 3*r. Let x be m(d). Let k(t) = t**2 + 1. Give k(x).
10
Let x(r) = r + 9. Let o be (-1)/(-1 - 9/(-8)). Let g be 6/(10/o + 2). Let p = g + -14. Determine x(p).
3
Let h = -13 + 10. Let o(k) = -k + 9. Let c(n) = -2*n + 9. Let d(r) = h*o(r) + 2*c(r). Suppose -6*f - 16 = 8. Determine d(f).
-5
Let x(a) = a**3 + 32*a**2 + a + 39. Suppose -3*g - i = 94, -635*i + 633*i = 4*g + 124. What is x(g)?
7
Suppose 5*l - 4 = -2*p + 16, -4*p + 3*l + 14 = 0. Suppose -x - 3*v = -5, -v + p = -4*x + 12. Let r(g) = -23*g**2 + 14*g**2 - 2 + 10*g**x. What is r(0)?
-2
Let m(p) = -24*p + 9. Let u(v) = 131*v - 50. Let q(l) = 11*m(l) + 2*u(l). Let x = 10 - 2. Give q(x).
-17
Let m(q) = -q**3 - 8*q**2 + 18*q - 2. Let x be m(-10). Suppose 2*s + w = 21, 16*w = s + x*w - 15. Let u(g) = g - 5. Determine u(s).
4
Suppose 184*t + 8 = -2*h + 185*t, -3*h = 5*t + 38. Let d(x) = 10*x - 30*x + 6*x + 1 + 12*x. Give d(h).
13
Let c(z) = 39*z - 205. Suppose -2*i + 14 = 0, -3*i = 3*x + 1382 - 1418. What is c(x)?
-10
Let u = -15 + 23. Let w(o) = -u + o + 18 - 20. Determine w(11).
1
Let q(s) be the third derivative of -s**6/12 - s**5/30 + s**3/6 - 2*s**2. Suppose 0 = -306*h + 6202 - 5896. Determine q(h).
-11
Let j be ((-1)/(-2))/((-18)/1872). Let f be 5/(-15) - j/12. Let u(a) = a**2 - a - 5. What is u(f)?
7
Suppose -5*v - 18 = k, 5*v + 4 = -5*k + 14. Let j(z) = -z + 6. Let q be j(k). Let h(l) = 91*l. Let g(c) = -7*c. Let p(s) = -14*g(s) - h(s). What is p(q)?
-7
Suppose 3*h + 5*o = -1, 4*o - 22 = -5*h - 15. Let f(i) be the second derivative of -i**3 + 3*i**2/2 + 64*i. Give f(h).
-15
Let g(i) = 4*i - 9. Let q(w) = w. Suppose 21*p - 20*p = -1. Let v(k) = p*g(k) + 5*q(k). Let h = -7 + 2. Calculate v(h).
4
Let h(f) = 8*f**2 - 3*f - 11. Let a be h(6). Let o = a - 271. Let q(j) = j**3 + 12*j**2 - j - 5. Give q(o).
7
Let s(f) = 4*f**3 + 32*f**2 + 11*f - 34. Let u(y) = -y**3 - y**2 - 4*y. Let t(l) = s(l) + 3*u(l). Give t(-29).
-5
Suppose -2*w - 14 = -4*g - 54, 3*g + 35 = 2*w. Let j(y) = 50*y - 235. Let x(s) = -16*s + 76. Let k(d) = 6*j(d) + 19*x(d). Give k(w).
-6
Let q(d) = -7141 + 7145 + d**2 + 62*d - 66*d. Let f(n) = 2*n**2 - 3*n - 5*n**2 + 0*n + n**3. Let y be f(4). Calculate q(y).
4
Let s(i) be the third derivative of -i**6/120 + 3*i**5/5 - 17*i**4/12 + i**3/6 + 9348*i**2. What is s(35)?
36
Let q(j) be the second derivative of -2*j**3/3 - 9*j**2 + 2*j - 771. Calculate q(15).
-78
Let u = -44551 + 44548. Let i(k) be the third derivative of -k**6/120 - k**5/20 + k**4/12 - k**3/6 - k**2. Determine i(u).
-7
Let w(r) = 24*r**2 + 46*r + 12. Let x(u) = -11*u**2 - 21*u - 6. Let p(y) = 6*w(y) + 13*x(y). Suppose -4*f = q - 6 + 25, -5*q + 10 = -f. Determine p(f).
4
Let y(h) = 3*h + 9*h**2 + 3*h - 6*h. Let g = -402 + 401. Give y(g).
9
Let z(d) be the first derivative of d**6/120 - d**5/30 - d**4/24 - d**3/6 - 7*d**2/2 + 36. Let n(x) be the second derivative of z(x). Give n(-2).
-15
Suppose -365 - 615 = -20*u. Let s = -48 + u. Let k(i) = 4*i**3 + i**2 - i - 1. What is k(s)?
3
Let q(r) = -5*r**2 - 32*r - 8. Let k(t) = -t**2 - 8*t - 2. Let d(c) = -9*k(c) + 2*q(c). Let g be (-25)/7 + (-44)/(-77). Let x be 2 + (6 - g*7/21). What is d(x)?
-7
Let l(v) = 3*v + 6 - 16 - 6*v + 2*v. Let f be (-2)/(-3*2) + 95/(-15). Let w be l(f). Let h(s) = -s**2 - 5*s + 4. Give h(w).
8
Let q(l) = 81 + 2810*l - 8427*l + 2809*l + 2817*l. Give q(-10).
-9
Let r = -8 + 12. Suppose r*w = -w + 180. Let m(q) = 62*q**3 - 7*q - w*q**3 - 27*q**3 + 8 + 8*q**2. Give m(7).
8
Let k(y) be the first derivative of -y**3/3 + 10*y**2 + 33*y - 1007. What is k(17)?
84
Let x(t) = t**3 - 14*t**2 - 14*t - 12. Let y(b) = -246*b + 2475. Let a be y(10). Calculate x(a).
3
Let y(h) = -8*h**2 - 20*h + 1. Let a = 5920 + -5923. What is y(a)?
-11
Let z(p) = -p**3 + 5*p**2 + 4*p - 1. Let y(g) = -26*g + 17. Let b(m) = 4*m. Let u(v) = 6*b(v) + y(v). Let i be u(7). What is z(i)?
29
Let u(p) = p**2 + 26*p + 181. Let y(f) = 4*f**2 + 80*f + 549. Let t(n) = 7*u(n) - 2*y(n). Calculate t(-6).
1
Let o(q) be the third derivative of q**7/504 + q**5/10 + 3*q**4/8 + 5*q**2. Let a(n) be the third derivative of o(n). Calculate a(-2).
-20
Let v = -3 + 6. Suppose 3*t - p + v = -0*p, -t = -2*p - 4. Let y(r) = -7*r - 12. Let s(c) = -27*c - 45. Let z(k) = -4*s(k) + 15*y(k). Determine z(t).
-6
Let f(t) be the first derivative of t**4/2 - 2*t**3 + 3*t**2/2 - 3*t - 1341. Determine f(4).
41
Suppose 31 - 74 = 10*y + 77. Let u(j) = j**3 + 10*j**2 - 34*j - 124. Give u(y).
-4
Let t(l) = -4*l + 7. Let b(i) = 2*i - 2. Let v(s) = -3*s + 3. Let x(y) = -5*b(y) - 3*v(y). Let j(m) = t(m) - 5*x(m). Let o = 96 - 101. What is j(o)?
-3
Let z(h) be the third derivative of 0*h - 1/24*h**4 + 0 - 2*h**3 - 25*h**2. Give z(-12).
0
Let j(k) be the second derivative of k**3/6 + 4*k**2 - 3586*k + 2. Suppose -4*n - 11 = 17. Determine j(n).
1
Let g(m) be the first derivative of m**3/3 - 11*m**2/2 + 6*m + 356. Give g(9).
-12
Let k(n) be the third derivative of n**6/120 - 17*n**5/60 + 17*n**4/6 - 5*n**3/2 + 2*n**2 + 1141. Calculate k(6).
-3
Let m =